)?
9
Suppose -92*z + 34191 = -72889 - 58244. What is the thousands digit of z?
1
Let z(d) = -7*d + 2*d + 19 - 13*d. Let f be z(-6). Let p = -75 + f. What is the units digit of p?
2
What is the thousands digit of 7/6 + 13/((-78)/(-104321))?
7
Let d(q) = -3713*q - 1136. What is the thousands digit of d(-5)?
7
Suppose -13*g + 132 = -9*g. Suppose g*c - 7942 = -5*c. What is the tens digit of c?
0
What is the hundreds digit of -4 + 23 - 21 - (0 + -1601)?
5
Suppose 0 = -5*o + 5*s - 9 - 6, -s = -3. What is the tens digit of (o - (0 - -3))*862/(-6)?
3
Suppose 3*r = 8*r. Suppose 15 = -3*l, r = -2*v - 3*l + 5*l + 190. Suppose -v = -8*x + 6. What is the tens digit of x?
1
Suppose -86 = 5*b + m + 3*m, 2*m = -3*b - 52. Let x be (8/b)/(54/(-243)). Suppose 0 = -x*p + 3*y + 417, 2*p + 4*y - 227 = 197. What is the tens digit of p?
1
Let k be ((-25)/4 + 4)/(1/32). Let w = k + 53. Let p(y) = y**2 + 12*y + 1. What is the tens digit of p(w)?
3
What is the units digit of ((-11)/((-77)/127960) - 2) + -3?
5
Let t(p) = 25192*p + 364. What is the tens digit of t(1)?
5
Let f(a) = a**3 - 7*a**2 - 33*a + 34. Let g be f(10). Suppose 3*h + 2*h = -20. What is the units digit of (-8)/g*(2 + h)?
4
What is the tens digit of (0 - (-138)/4)*(-31)/(372/(-1080))?
0
Suppose 357*f - 95666 = 295*f. What is the tens digit of f?
4
Let r(j) = 4*j**2 + 6*j - 23. Suppose 0 = -t + 6*s - 9*s - 17, 4*s = -5*t - 52. What is the units digit of r(t)?
5
Let x be ((-6)/(-3))/((-70)/(-297325)). Suppose 0 = -5*t + 5*o + x, 0 = -11*o + 7*o - 8. What is the hundreds digit of t?
6
Let h(p) = -2*p + 5*p + 2*p + 19*p + 31. Let z be h(4). Suppose -3*f + 379 = 4*g, f = 2*f + 2*g - z. What is the hundreds digit of f?
1
Let f(x) = -8*x + 25. Let u be f(5). Let n be 3/u*2 + (-14490)/25. Let l = -338 - n. What is the tens digit of l?
4
Let j be (-77)/55 - 6/(-15). Let c(n) = 5*n**2 + 4*n + 4. Let x be c(j). Suppose 2*p + x*w - 1 = 6, 4*w - 44 = -4*p. What is the units digit of p?
6
Let l be 11*((-6)/(-2))/(-3). Suppose 0 = -d - 5 + 11. What is the units digit of (-68)/l - d/33?
6
Let u = 13473 - -1417. What is the tens digit of u?
9
What is the units digit of (-5 - (-172)/28) + (-48430)/(-70)?
3
Let m(t) be the first derivative of 98*t**2 + 22*t - 143. What is the units digit of m(3)?
0
Suppose 2*b = 289 + 213. Let p = b - -2. What is the tens digit of p?
5
Let p(q) = 7*q + 33. Suppose 0 = 6*j - 2*j - 3*z + 8, 2 = 2*j - 3*z. Let w be p(j). What is the hundreds digit of 1 + w - (12 - 114)?
1
Suppose 0 = -25*t + 15 + 35. What is the units digit of (421/(-6) + t)*(23 - 29)?
9
Let h(m) = -5*m + 168 + 236*m**2 - 173 + 0*m. Let d be h(-2). Suppose -4*y - 349 + d = 0. What is the units digit of y?
0
Suppose -3*r + 2*r + 29 = 4*o, 30 = 4*o + 2*r. Let t = -11 + 34. Suppose o*h = -t + 79. What is the units digit of h?
8
Let r = 74 + -72. Suppose -r*s = 2*w - 128, -5*w + 3*w = -s + 58. Suppose -g = -4*c - 72, 3*g + c = 2*g + s. What is the tens digit of g?
6
Let n be (-11 + 17)*(-1)/2 + 1. Let k be 1/1*56/(-7). What is the tens digit of (0 + (-788)/k)/(n/(-4))?
9
What is the tens digit of 2867*18/(-30)*75/(-9)?
3
Let g(s) = -2*s**2 - 45*s + 31. Let n be g(-20). Suppose -5*k + 289 = -n. What is the units digit of k?
4
Let p(z) = -z**3 + 24*z**2 + 27*z - 23. Let i be p(25). What is the tens digit of 5109/i + 12/(-54)?
8
Let z(d) = -57*d + 40. Let c(y) = 8*y + 21. Let h be c(-9). Let j(v) = 7*v - 5. Let l(m) = h*j(m) - 6*z(m). What is the tens digit of l(-7)?
2
Let k(l) = l**3 + 5*l**2 - 2*l + 15199. What is the tens digit of k(0)?
9
Let q = -295 + 505. Let h be (-31)/(-4)*(-80)/5. Let v = q + h. What is the units digit of v?
6
Let q be (-155)/(-2)*((-78)/15 + 6). Suppose 5*h + 56 = s, -3*h + 10 - q = 4*s. What is the units digit of 1383/6 - (-6)/h?
0
Let x = -2769 + 5337. What is the hundreds digit of x?
5
Let l be 428/(-3)*(4 + (5 - 12)). Suppose -101*j - l = -105*j. What is the tens digit of j?
0
Let r(m) = -m**3 - 17*m**2 - m - 21. Let w be r(-17). What is the tens digit of (-7 + 17/5)*530/w?
7
Let o = 66 + -64. Suppose -o*g + 4 = s, 4*s = -3*g - 0*s + 1. Suppose -g*f + 3 = 0, 0*j + j - 175 = -5*f. What is the units digit of j?
0
Suppose 212*y + 34218 = 214*y - 5*j, 3*y - j = 51340. What is the thousands digit of y?
7
Let p(f) = -f**3 + 33*f**2 - 91*f + 22. What is the hundreds digit of p(24)?
0
Suppose -3*r = 11*j - 15*j + 15525, 7785 = 2*j + 3*r. What is the tens digit of j?
8
Suppose -188*y = 5*n - 191*y - 58218, 3*n = 3*y + 34926. What is the thousands digit of n?
1
Suppose 0 = -3*n, -4*n + 0*n - 53 = c. Let f = c - -16. Let k = f - -123. What is the units digit of k?
6
Suppose 0 = 2*w - 5*m - 31, -4*w - 3*m + 35 = -92. Suppose -8*d - 4 = -w. Suppose -g = d*g - 964. What is the units digit of g?
1
Let i(h) = 5*h**2 + 32*h + 590. What is the thousands digit of i(55)?
7
Let b(l) be the first derivative of l**4/4 + 3*l**3 + 2*l**2 + 12*l - 28. Let x be b(-5). Let v = x + 59. What is the hundreds digit of v?
1
Let f = 20474 + -529. What is the hundreds digit of f?
9
Let k(j) = j**2 + 18*j + 7. Let c be k(-16). Let a = c - -27. Suppose -x = 2*x + a*m - 510, -5*m = 15. What is the tens digit of x?
7
Let q be (27/(-2))/((-4)/(-8)). Let h = 22 + q. Let p(f) = -f**3 + 6*f - 4. What is the tens digit of p(h)?
9
Let r be 40/4 - 14/(-21)*3. What is the units digit of (-382)/((-3)/r*2)?
4
What is the units digit of ((-40777)/(-33))/11*(52 - 1)?
9
Let z = -709 + 681. What is the tens digit of (-21)/z*(-232)/(-6)?
2
Suppose 5*g - 55 + 5 = 5*o, 0 = 5*g - 2*o - 65. Suppose g*l - 15396 = 4014. What is the thousands digit of l?
1
Let a be (-8)/(-1) + -4 + 1. Let w(f) = -5*f - 7*f**2 + 2*f + 11*f**2 - a + 4 + 24*f**3. What is the tens digit of w(2)?
0
Suppose -2*h = -0*h - 2, -2*z - 10 = -2*h. Let i(v) = 15*v**2 - 3*v + 12. Let b be i(z). Let g = b + -181. What is the tens digit of g?
8
Let x be -2 + 128/68 - (-8421)/51. Let k = -13 + x. What is the tens digit of k?
5
Let c(l) = l**3 + l**2 - 44*l - 10. Let t be c(-7). Suppose 0 = t*y - 16, 4*m + 5*y = 559 + 913. What is the units digit of m?
3
Let b be 4*(6/8)/(-1). Let u(a) = a**2 + 11*a + 24. Let h be u(-8). What is the tens digit of (-7 - -27) + h - (b - 1)?
2
Let o(j) = -j**3 - 8*j**2 - j + 2. Let h be o(-8). Let t(w) = -w**3 - 9*w**2 - 5*w - 4. Let x be t(-9). Let d = x - h. What is the tens digit of d?
3
Let w(m) = 3*m**2 - 116*m + 4823. What is the thousands digit of w(70)?
1
Suppose 49*a - 1296568 - 1278425 = -672176. What is the thousands digit of a?
8
Let m(b) = -3*b**2 + 17. Let r be m(0). Let q(t) = -t**2 + 20*t - 43. Let i be q(r). Suppose 10*v = i*v + 18. What is the units digit of v?
9
Suppose -3709 = -5*p - 3*b, -15*p + 2957 = -11*p - b. Let v = 764 - p. What is the tens digit of v?
2
Suppose -z = -u + 2, 0 = 2*u + 3*u - 25. Suppose h - 2*h = -z. Suppose -h*w = 58 - 346. What is the tens digit of w?
9
Let m(s) = s + 4. Let a be m(-4). Suppose -35*o + 31*o + 400 = a. Let z = o + -23. What is the tens digit of z?
7
Let x = 20 + -4. Suppose 11*g - x*g - 3*b - 951 = 0, 2*b + 760 = -4*g. Let n = -94 - g. What is the tens digit of n?
9
Let s(c) = -32*c**2 - 285*c + 572. Let a be s(2). Suppose -4*y - 47 = 4*w - 5*y, 3*y = -w - 28. Let b = w - a. What is the units digit of b?
3
Let y(w) be the third derivative of 7*w**4/4 + 11*w**3 + 7*w**2 + 3*w. What is the tens digit of y(7)?
6
Let j = -280 + 678. Let n = -266 + j. What is the units digit of n?
2
Suppose -44*p = -5*u - 40*p - 51, 5*p = 20. What is the units digit of 9 - (-9 + 6 - u)?
5
Suppose 3*h + 4*u = -7, 5*u - u - 33 = 5*h. What is the units digit of -3 + ((-243)/(-6))/(h/(-30))?
0
Let x = 75 - 100. Let g = -22 - x. Suppose 4*q - 602 = -2*p, -143 = g*q - p - 587. What is the units digit of q?
9
Suppose 2*a - 36623 = 35187 - 21722. What is the ten thousands digit of a?
2
Let t(o) = -40*o**3 - 5*o**2 - 3*o + 9. Let i be t(-3). Suppose -12*n = -9*n - i. What is the units digit of n?
1
Let b(j) = j**2 + 5*j + 1. Let y(o) = -o - 1. Let w(h) = b(h) + 6*y(h). Let v = -4 + -13. What is the tens digit of w(v)?
0
Let a(l) = 2560*l**2 + 83*l + 24. What is the tens digit of a(4)?
1
Let l(o) = -9*o + 17. Let m be l(-5). Suppose -2*b + 3*z = 8*z - 78, -2*b = z - m. Suppose -27*x = -b*x + 502. What is the hundreds digit of x?
2
L